divide 439822?
False
Is 4 a factor of 313312?
True
Is 29 a factor of 1414417?
True
Does 475 divide 5907161?
False
Is 1327 a factor of 1944055?
True
Is 46 a factor of 2884197?
False
Is 6 a factor of 112147?
False
Is 6248892 a multiple of 164?
True
Is 15 a factor of 491614?
False
Is 4 a factor of 653992?
True
Is 1385946 a multiple of 74?
True
Does 27 divide 6811701?
False
Is 2970779 a multiple of 7?
True
Is 329121 a multiple of 291?
True
Does 243 divide 17628921?
True
Is 403133 a multiple of 21?
False
Does 1445 divide 3816245?
True
Is 71 a factor of 218824?
False
Does 354 divide 1807170?
True
Is 74 a factor of 140304?
True
Is 8 a factor of 3699350?
False
Is 242 a factor of 144738?
False
Is 194 a factor of 3116804?
True
Is 1062858 a multiple of 20?
False
Is 19 a factor of 124013?
True
Is 2154162 a multiple of 32?
False
Does 9 divide 141509?
False
Is 25 a factor of 3796725?
True
Is 275 a factor of 257511?
False
Is 14497 a multiple of 19?
True
Is 55 a factor of 521815?
False
Is 176886 a multiple of 6?
True
Does 197 divide 166268?
True
Is 118 a factor of 484980?
True
Is 14 a factor of 2721068?
True
Is 1596473 a multiple of 176?
False
Is 261 a factor of 91673?
False
Does 439 divide 526399?
False
Is 895815 a multiple of 7?
False
Is 208080 a multiple of 72?
True
Is 113 a factor of 210632?
True
Is 191987 a multiple of 47?
False
Is 58956 a multiple of 17?
True
Is 76 a factor of 9839720?
True
Is 66 a factor of 23011099?
False
Is 413608 a multiple of 194?
True
Does 23 divide 18810685?
False
Is 339799 a multiple of 20?
False
Does 16 divide 7653359?
False
Does 20 divide 1581900?
True
Is 11449549 a multiple of 79?
True
Is 3121985 a multiple of 116?
False
Is 94992 a multiple of 52?
False
Is 187 a factor of 916674?
True
Is 323 a factor of 70091?
True
Is 275660 a multiple of 143?
False
Is 103 a factor of 26852?
False
Does 555 divide 6665550?
True
Is 894152 a multiple of 56?
True
Does 16 divide 1889452?
False
Is 6104889 a multiple of 567?
True
Is 97 a factor of 2842294?
True
Is 14 a factor of 335400?
False
Is 190831 a multiple of 23?
True
Does 4 divide 325295?
False
Is 702793 a multiple of 461?
False
Is 1309125 a multiple of 402?
False
Is 137 a factor of 350644?
False
Is 10244565 a multiple of 15?
True
Is 18 a factor of 23346?
True
Does 12 divide 147384?
True
Is 21 a factor of 603351?
True
Does 785 divide 1573140?
True
Is 4536837 a multiple of 1017?
True
Does 538 divide 3457129?
False
Does 13 divide 1211627?
False
Does 16 divide 1446700?
False
Is 834090 a multiple of 42?
False
Is 163526 a multiple of 22?
True
Does 82 divide 111602?
True
Is 98 a factor of 716380?
True
Is 15 a factor of 88351?
False
Does 17 divide 10612532?
False
Is 46545 a multiple of 29?
True
Does 13 divide 805818?
True
Does 453 divide 1529781?
True
Is 37 a factor of 2274686?
True
Is 1710428 a multiple of 4?
True
Is 3979961 a multiple of 41?
False
Is 1464056 a multiple of 61?
False
Is 11 a factor of 611600?
True
Does 16 divide 769408?
True
Is 2 a factor of 25305?
False
Is 242706 a multiple of 57?
True
Is 20 a factor of 3127620?
True
Is 1103742 a multiple of 11?
False
Is 1651895 a multiple of 134?
False
Is 1952187 a multiple of 6?
False
Does 17 divide 4534104?
True
Is 793 a factor of 271999?
True
Does 637 divide 2083?
False
Does 41 divide 15780?
False
Is 1444 a multiple of 15?
False
Is 1870605 a multiple of 11?
True
Does 490 divide 254533?
False
Does 15 divide 78224?
False
Is 128723 a multiple of 259?
True
Does 170 divide 7287220?
True
Does 59 divide 266208?
True
Is 82550 a multiple of 13?
True
Is 24 a factor of 162888?
True
Is 1777674 a multiple of 8?
False
Is 86 a factor of 193070?
True
Is 558424 a multiple of 12?
False
Is 3876860 a multiple of 887?
False
Does 63 divide 423706?
False
Is 344 a factor of 4801194?
False
Does 7 divide 23975?
True
Is 63183 a multiple of 13?
False
Does 21 divide 16527?
True
Is 3 a factor of 279960?
True
Is 179782 a multiple of 125?
False
Is 1288530 a multiple of 15?
True
Is 2 a factor of 1313175?
False
Does 7 divide 15216413?
False
Does 3 divide 22949?
False
Does 166 divide 5386657?
False
Is 6224653 a multiple of 21?
False
Is 2 a factor of 44958?
True
Does 24 divide 2913048?
True
Is 391608 a multiple of 28?
True
Is 8736 a multiple of 12?
True
Is 7146086 a multiple of 1139?
True
Is 1927 a factor of 20166141?
False
Is 269 a factor of 1561276?
True
Is 69 a factor of 695777?
False
Is 19996794 a multiple of 2703?
True
Is 27 a factor of 99512?
False
Is 18521330 a multiple of 10?
True
Does 68 divide 939896?
True
Is 127748 a multiple of 9?
False
Is 379 a factor of 3642491?
False
Is 222756 a multiple of 53?
False
Is 319602 a multiple of 66?
False
Is 155 a factor of 315735?
True
Is 5400175 a multiple of 117?
False
Does 34 divide 637128?
False
Is 732 a factor of 3917354?
False
Is 9361760 a multiple of 16?
True
Is 3 a factor of 21708?
True
Is 72672 a multiple of 4?
True
Is 161823 a multiple of 19?
True
Does 532 divide 473842?
False
Is 11 a factor of 3508325?
False
Is 266424 a multiple of 204?
True
Is 12 a factor of 100674?
False
Does 162 divide 455768?
False
Is 1239740 a multiple of 10?
True
Is 816360 a multiple of 40?
True
Is 1650 a multiple of 430?
False
Is 6955896 a multiple of 3?
True
Is 37 a factor of 8101779?
True
Does 3 divide 36732?
True
Is 142 a factor of 757528?
False
Does 70 divide 1025077?
False
Does 325 divide 495300?
True
Does 20 divide 3027523?
False
Is 1046062 a multiple of 8?
False
Does 41 divide 11987826?
True
Is 19594 a multiple of 194?
True
Does 35 divide 539910?
True
Is 17 a factor of 2392342?
True
Is 205 a factor of 3064955?
True
Is 132691 a multiple of 14?
False
Is 43 a factor of 6353465?
True
Is 26967 a multiple of 12?
False
Is 1069755 a multiple of 631?
False
Is 6916 a multiple of 19?
True
Does 9 divide 735131?
False
Is 11 a factor of 583450?
False
Is 916 a factor of 3266492?
False
Does 18 divide 321218?
False
Does 150 divide 2657100?
True
Is 53084 a multiple of 4?
True
Is 6460471 a multiple of 31?
False
Does 17 divide 274362?
False
Is 25 a factor of 354178?
False
Does 43 divide 4481450?
False
Does 96 divide 59478?
False
Does 376 divide 2137560?
True
Is 2 a factor of 171918?
True
Does 135 divide 5593455?
True
Is 472 a factor of 4216493?
False
Is 55935 a multiple of 15?
True
Does 194 divide 1967742?
True
Is 584 a factor of 2599089?
False
Is 105 a factor of 114450?
True
Does 103 divide 207535?
False
Is 142162 a multiple of 634?
False
Is 504104 a multiple of 200?
False
Does 21 divide 219366?
True
Is 2956415 a multiple of 232?
False
Is 2401640 a multiple of 4?
True
Is 130 a factor of 195520?
True
Does 272 divide 357025?
False
Is 8323 even?
False
Is 6962981 a multiple of 274?
False
Is 694168 a multiple of 7?
False
Is 204975 a multiple of 12?
False
Does 18 divide 15095?
False
Is 141012 a multiple of 158?
False
Is 3933694 a multiple of 1289?
False
Does 18 divide 273903?
False
Is 252373 a multiple of 55?
False
Is 18 a factor of 180707?
False
Is 368 a factor of 118864?
True
Is 92796 a multiple of 104?
False
Does 33 divide 1066593?
True
Is 1026103 a multiple of 14?
False
Is 46 a factor of 14618?
False
Does 152 divide 10812854?
False
Is 158421 a multiple of 283?
False
Does 439 divide 1216568?
False
Is 3659 a multiple of 28?
False
Is 7774392 a multiple of 12?
True
Does 223 divide 6936638?
True
Does 327 divide 227591?
False
Is 1608176 a multiple of 16?
True
Is 8045369 a multiple of 16?
False
Is 203992 a multiple of 172?
True
Is 121 a factor of 840708?
True
Is 15 a factor of 274541?
False
Does 52 divide 231296?
True
Is 14 a factor of 65968?
True
Does 159 divide 1516542?
True
Does 82 divide 30884?
False
Does 4 divide 53591?
False
Is 527892 a multiple of 5?
False
Does 18 divide 2016006?
False
Does 11 divide 111448?
False
Is 18 a factor of 21969?
False
Does 181 divide 8785378?
True
Does 149 divide 465461?
False
Does 9 divide 4428?
True
Does 126 divide 813204?
True
Is 201 a factor of 1307951?
False
Is 477797 a multiple of 23?
False
Does 9 divide 1595503?
False
Does 4 divide 312952?
True
Is 5958355 a multiple of 1180?
False
Does 68 divide 4014040?
True
Is 157 a factor of 146723?
False
Does 8 divide 118398?
False
Does 195 divide 125056?
False
Does 5 divide 15104?
False
Is 17 a factor of 130237?
True
Is 4 a factor of 39496?
True
Is 52338 a multiple of 66?
True
Is 244948 